{"id":102,"date":"2016-02-09T16:51:59","date_gmt":"2016-02-09T15:51:59","guid":{"rendered":"http:\/\/blog.longtrailhikers.bplaced.net\/?page_id=102"},"modified":"2020-01-22T07:35:38","modified_gmt":"2020-01-22T06:35:38","slug":"planungen-2016","status":"publish","type":"page","link":"https:\/\/www.nssv.at\/wordpress\/?page_id=102","title":{"rendered":"Termine &#038; Planungen 2020"},"content":{"rendered":"<p><strong>Termine &amp; Planungen 2020<\/strong><\/p>\n<p>Wenn Ihr bei uns teilnehmen wollt, dann gilt generell:<\/p>\n<p><strong>Das Wanderschuhgeschwader<\/strong> (die Mitglieder\u00a0unserer Gemeinschaft) ziehen kostenlos mit uns mit (au\u00dfer es ist extra angef\u00fchrt!) und bekommen daf\u00fcr Gratisblasen spendiert. Mit ihrem Jahresbeitrag helfen sie uns ja schon dankenswerter Weise im Vorhinein, denn jeder Spa\u00df hat auch Kosten die bezahlt werden wollen, meist auch im Vorhinein. Die Welt ist eben grausam geworden, und die Abzocke macht vor\u00a0Gemeinschaften wie der unseren auch nicht halt.<\/p>\n<p>Mitziehende<strong> Gastlatschen<\/strong> berappen vor Ort einen kleinen Unkostenbeitrag den wir bei den jeweiligen\u00a0Ausschreibungen oder Terminank\u00fcndigungen\u00a0bekannt geben. Seid so nett, und stellt das nicht in Frage. Wenn euch der Spa\u00df das bisschen Kleingeld nicht wert ist, dann m\u00fcsst ihr Eure Freizeit in verseuchten Hundezonen oder auf allgemein bekannten und \u00fcberf\u00fcllten Trampelpfaden verbringen. Das ist auf jeden Fall kostenlos &#8230; aber auch langweilig.<\/p>\n<p><em>Wichtig! Viele Termine sind noch nicht vergeben. Das hat den Grund, da wir ja \u00fcberwiegend Drau\u00dfen unterwegs sind und bei unseren Unternehmungen auch halbwegs annehmbares Wetter haben wollen. Die Aussage &#8222;es gibt kein schlechtes Wetter, sondern nur unzureichende Kleidung&#8220; mag zwar richtig sein, aber es ist nicht das Gelbe vom Ei immer bei Schlechtwetter Outdoor zu sein. Auch Sonne schadet nicht. Deswegen setzen wir unsere Termine oft kurzfristig (also 5-7 Tage vorher) an. Wenn ihr an einem Event Interesse habt dann schaut bitte \u00f6fter nach ob schon ein Termin\u00a0angesetzt ist!<\/em><\/p>\n<p>Wir haben\u00a0unsere Terminliste der Einfachheit und \u00dcbersicht halber komplett auf die Seite des VRS\u00d6 verlagert! Aktuelle Events und Planungen findet Ihr ab sofort unter: <a href=\"http:\/\/www.nssv.at\/VRSOE\/?page_id=306\" target=\"_blank\" rel=\"noopener noreferrer\">TERMINLISTE &#8211; VRS\u00d6<\/a><\/p>\n<p><a href=\"https:\/\/www.nssv.at\/wordpress\/wp-content\/uploads\/2016\/02\/trekkingpole.png\" rel=\"lightbox[102]\"><img loading=\"lazy\" decoding=\"async\" class=\"alignnone size-full wp-image-1009\" src=\"https:\/\/www.nssv.at\/wordpress\/wp-content\/uploads\/2016\/02\/trekkingpole.png\" alt=\"trekkingpole\" width=\"683\" height=\"53\" srcset=\"https:\/\/www.nssv.at\/wordpress\/wp-content\/uploads\/2016\/02\/trekkingpole.png 683w, https:\/\/www.nssv.at\/wordpress\/wp-content\/uploads\/2016\/02\/trekkingpole-150x12.png 150w, https:\/\/www.nssv.at\/wordpress\/wp-content\/uploads\/2016\/02\/trekkingpole-300x23.png 300w, https:\/\/www.nssv.at\/wordpress\/wp-content\/uploads\/2016\/02\/trekkingpole-190x15.png 190w\" sizes=\"auto, (max-width: 683px) 100vw, 683px\" \/><\/a><\/p>\n<div align=\"justify\"><\/div>\n<p><strong><em>Wir rasten uns nicht aus &#8230;<\/em><\/strong><\/p>\n<p><a href=\"https:\/\/www.nssv.at\/wordpress\/wp-content\/uploads\/2017\/11\/IMG_1111_Fotografisch.jpg\" rel=\"lightbox[102]\"><img loading=\"lazy\" decoding=\"async\" class=\"alignnone size-large wp-image-1854\" src=\"https:\/\/www.nssv.at\/wordpress\/wp-content\/uploads\/2017\/11\/IMG_1111_Fotografisch-683x1024.jpg\" alt=\"\" width=\"683\" height=\"1024\" srcset=\"https:\/\/www.nssv.at\/wordpress\/wp-content\/uploads\/2017\/11\/IMG_1111_Fotografisch-683x1024.jpg 683w, https:\/\/www.nssv.at\/wordpress\/wp-content\/uploads\/2017\/11\/IMG_1111_Fotografisch-100x150.jpg 100w, https:\/\/www.nssv.at\/wordpress\/wp-content\/uploads\/2017\/11\/IMG_1111_Fotografisch-200x300.jpg 200w, https:\/\/www.nssv.at\/wordpress\/wp-content\/uploads\/2017\/11\/IMG_1111_Fotografisch-127x190.jpg 127w, https:\/\/www.nssv.at\/wordpress\/wp-content\/uploads\/2017\/11\/IMG_1111_Fotografisch.jpg 853w\" sizes=\"auto, (max-width: 683px) 100vw, 683px\" \/><\/a><\/p>\n","protected":false},"excerpt":{"rendered":"<p>Termine &amp; Planungen 2020 Wenn Ihr bei uns teilnehmen wollt, dann gilt generell: Das Wanderschuhgeschwader (die Mitglieder\u00a0unserer Gemeinschaft) ziehen kostenlos mit uns mit (au\u00dfer es ist extra angef\u00fchrt!) und bekommen daf\u00fcr Gratisblasen spendiert. Mit ihrem Jahresbeitrag helfen sie uns ja schon dankenswerter Weise im Vorhinein, denn jeder Spa\u00df hat auch Kosten die bezahlt werden wollen, [&hellip;]<\/p>\n","protected":false},"author":1,"featured_media":0,"parent":0,"menu_order":0,"comment_status":"closed","ping_status":"closed","template":"","meta":{"footnotes":""},"class_list":["post-102","page","type-page","status-publish","hentry"],"_links":{"self":[{"href":"https:\/\/www.nssv.at\/wordpress\/index.php?rest_route=\/wp\/v2\/pages\/102","targetHints":{"allow":["GET"]}}],"collection":[{"href":"https:\/\/www.nssv.at\/wordpress\/index.php?rest_route=\/wp\/v2\/pages"}],"about":[{"href":"https:\/\/www.nssv.at\/wordpress\/index.php?rest_route=\/wp\/v2\/types\/page"}],"author":[{"embeddable":true,"href":"https:\/\/www.nssv.at\/wordpress\/index.php?rest_route=\/wp\/v2\/users\/1"}],"replies":[{"embeddable":true,"href":"https:\/\/www.nssv.at\/wordpress\/index.php?rest_route=%2Fwp%2Fv2%2Fcomments&post=102"}],"version-history":[{"count":90,"href":"https:\/\/www.nssv.at\/wordpress\/index.php?rest_route=\/wp\/v2\/pages\/102\/revisions"}],"predecessor-version":[{"id":2126,"href":"https:\/\/www.nssv.at\/wordpress\/index.php?rest_route=\/wp\/v2\/pages\/102\/revisions\/2126"}],"wp:attachment":[{"href":"https:\/\/www.nssv.at\/wordpress\/index.php?rest_route=%2Fwp%2Fv2%2Fmedia&parent=102"}],"curies":[{"name":"wp","href":"https:\/\/api.w.org\/{rel}","templated":true}]}}