{"id":9133,"date":"2018-11-04T10:01:52","date_gmt":"2018-11-04T09:01:52","guid":{"rendered":"https:\/\/www.nssv.at\/vrsoe\/?page_id=9133"},"modified":"2020-01-29T16:24:12","modified_gmt":"2020-01-29T15:24:12","slug":"das-team","status":"publish","type":"page","link":"https:\/\/www.nssv.at\/vrsoe\/unser-verband\/das-team","title":{"rendered":"Das Team"},"content":{"rendered":"<p><strong>Das neue Team des VRS\u00d6, f\u00fcr Euch und dem Wohl Eurer Hunde bem\u00fcht<\/strong><\/p>\n<p>Hier m\u00f6chten wir Euch unser Team (Nicht mit dem Pr\u00e4sidium zu verwechseln!) vorstellen, dass sich f\u00fcr Euch, Eure Hunde, und dem Sport einsetzt. Ihre Erfahrung und die pers\u00f6nliche Einstellung zum Ganzen machen sie dazu pr\u00e4destiniert, Euch beratend und unterst\u00fctzend, als auch hilfestellend bei Seite zu stehen.<\/p>\n<p><em>Unser Team ist in 2 Sektionen t\u00e4tig:<br \/>\n<\/em><em>Sektion 1 f\u00fcr alle <a href=\"https:\/\/www.nssv.at\/vrsoe\/?p=428\" target=\"_blank\" rel=\"noopener noreferrer\">nordischen (Schlitten-) Hunderassen<\/a>,<br \/>\nSektion 2 f\u00fcr alle nicht-nordischen Hunderassen.<\/em><\/p>\n<p>&nbsp;<\/p>\n<p>&nbsp;<\/p>\n<h2><em>Ern\u00e4hrung&nbsp; &#8211; VRS\u00d6 Sektion 2<\/em><br \/>\n<strong>Corina Stummer<\/strong><\/h2>\n<p><span class=\"_5yl5\">Corina arbeitet seit einigen Jahren in der Tierbranche und hat nun k\u00fcrzlich ihre Ausbildung zur Ern\u00e4hrungsberaterin f\u00fcr Hunde gemacht. Auch die Mykotherapie, Kr\u00e4uterkunde und \u00c4therische \u00d6le geh\u00f6ren zu ihren Schwerpunkten. Nat\u00fcrlich kennt sie sich auch mit der Ern\u00e4hrung von Sporthunden aus und w\u00fcrde euch hierbei gerne tatkr\u00e4ftig unterst\u00fctzen <\/span>und Euch daf\u00fcr beratend zur Seite stehen. Wir freuen uns, Corina im Team zu haben.<\/p>\n<p><a href=\"https:\/\/www.nssv.at\/vrsoe\/wp-content\/uploads\/2018\/11\/core2.png\" class=\"thickbox no_icon\"><img loading=\"lazy\" decoding=\"async\" class=\"alignnone size-thumbnail wp-image-9226\" src=\"https:\/\/www.nssv.at\/vrsoe\/wp-content\/uploads\/2018\/11\/core2-150x150.png\" alt=\"\" width=\"150\" height=\"150\"><\/a><\/p>\n<p><a href=\"https:\/\/www.facebook.com\/core.flavour\" target=\"_blank\" rel=\"noopener noreferrer\"><img loading=\"lazy\" decoding=\"async\" class=\"alignnone wp-image-9156\" src=\"https:\/\/www.nssv.at\/vrsoe\/wp-content\/uploads\/2018\/11\/fb-logo-300x300-150x150.jpg\" alt=\"\" width=\"50\" height=\"50\" srcset=\"https:\/\/www.nssv.at\/vrsoe\/wp-content\/uploads\/2018\/11\/fb-logo-300x300-150x150.jpg 150w, https:\/\/www.nssv.at\/vrsoe\/wp-content\/uploads\/2018\/11\/fb-logo-300x300.jpg 300w\" sizes=\"auto, (max-width: 50px) 100vw, 50px\" \/><\/a> &nbsp; <img loading=\"lazy\" decoding=\"async\" class=\"alignnone wp-image-9502\" src=\"https:\/\/www.nssv.at\/vrsoe\/wp-content\/uploads\/2019\/12\/internet-explorer-icon-12.png\" alt=\"\" width=\"50\" height=\"50\" srcset=\"https:\/\/www.nssv.at\/vrsoe\/wp-content\/uploads\/2019\/12\/internet-explorer-icon-12.png 256w, https:\/\/www.nssv.at\/vrsoe\/wp-content\/uploads\/2019\/12\/internet-explorer-icon-12-150x150.png 150w\" sizes=\"auto, (max-width: 50px) 100vw, 50px\" \/> &nbsp; <img loading=\"lazy\" decoding=\"async\" class=\"alignnone wp-image-9146\" src=\"https:\/\/www.nssv.at\/vrsoe\/wp-content\/uploads\/2018\/11\/email-150x150.png\" alt=\"\" width=\"50\" height=\"50\" srcset=\"https:\/\/www.nssv.at\/vrsoe\/wp-content\/uploads\/2018\/11\/email-150x150.png 150w, https:\/\/www.nssv.at\/vrsoe\/wp-content\/uploads\/2018\/11\/email-300x300.png 300w, https:\/\/www.nssv.at\/vrsoe\/wp-content\/uploads\/2018\/11\/email.png 512w\" sizes=\"auto, (max-width: 50px) 100vw, 50px\" \/><span class=\"_5yl5\">ernaehrung<\/span> [@nssv.at]<\/p>\n<p><img loading=\"lazy\" decoding=\"async\" class=\"alignnone size-full wp-image-9599\" src=\"https:\/\/www.nssv.at\/vrsoe\/wp-content\/uploads\/2020\/01\/pawline2020.png\" alt=\"\" width=\"988\" height=\"50\" srcset=\"https:\/\/www.nssv.at\/vrsoe\/wp-content\/uploads\/2020\/01\/pawline2020.png 988w, https:\/\/www.nssv.at\/vrsoe\/wp-content\/uploads\/2020\/01\/pawline2020-300x15.png 300w, https:\/\/www.nssv.at\/vrsoe\/wp-content\/uploads\/2020\/01\/pawline2020-768x39.png 768w\" sizes=\"auto, (max-width: 988px) 100vw, 988px\" \/><\/p>\n<p>&nbsp;<\/p>\n<h2><em>Sportbereich &#8211; VRS\u00d6 Sektion 2<\/em><br \/>\n<strong>Claudia Schnabl<\/strong><\/h2>\n<p>Claudia bringt Erfahrung in <strong>Canicross<\/strong> und <strong>Bikej\u00f6ring<\/strong> sowie <strong>Langstreckenwandern<\/strong> mit. Sie hat an einigen internationalen Rennen teilgenommen, und auch Rennerfahrung gesammelt. Claudia ist f\u00fcr Neueinsteiger und am Sport Interessierte Eure Ansprechpartnerin in unserem Team. Wir sind stolz darauf, sie dabei zu haben.<\/p>\n<h6><strong><a href=\"https:\/\/www.nssv.at\/vrsoe\/wp-content\/uploads\/2018\/11\/claudia-bike-1.jpg\" class=\"thickbox no_icon\"><img loading=\"lazy\" decoding=\"async\" class=\"alignnone wp-image-9142 size-thumbnail\" src=\"https:\/\/www.nssv.at\/vrsoe\/wp-content\/uploads\/2018\/11\/claudia-bike-1-150x150.jpg\" alt=\"\" width=\"150\" height=\"150\"><\/a><\/strong>&nbsp;<a href=\"https:\/\/www.nssv.at\/vrsoe\/wp-content\/uploads\/2018\/11\/claudia-canicross.jpg\" class=\"thickbox no_icon\"><img loading=\"lazy\" decoding=\"async\" class=\"alignnone size-thumbnail wp-image-9165\" src=\"https:\/\/www.nssv.at\/vrsoe\/wp-content\/uploads\/2018\/11\/claudia-canicross-150x150.jpg\" alt=\"\" width=\"150\" height=\"150\"><\/a> <a href=\"https:\/\/www.nssv.at\/vrsoe\/wp-content\/uploads\/2018\/11\/claudia-trekking.jpg\" class=\"thickbox no_icon\"><img loading=\"lazy\" decoding=\"async\" class=\"alignnone wp-image-9136 size-thumbnail\" src=\"https:\/\/www.nssv.at\/vrsoe\/wp-content\/uploads\/2018\/11\/claudia-trekking-150x150.jpg\" alt=\"\" width=\"150\" height=\"150\"><\/a><br \/>\nClauda mit H\u00fcndin Kayleigh beim Bikej\u00f6ring, Canicross und Langstreckenwandern (Hier im Finish vom 42km Burning feet Marathon)<\/h6>\n<p><a href=\"https:\/\/www.facebook.com\/claudia.schnabl.1\" target=\"_blank\" rel=\"noopener noreferrer\"><img loading=\"lazy\" decoding=\"async\" class=\"alignnone wp-image-9156\" src=\"https:\/\/www.nssv.at\/vrsoe\/wp-content\/uploads\/2018\/11\/fb-logo-300x300-150x150.jpg\" alt=\"\" width=\"50\" height=\"50\" srcset=\"https:\/\/www.nssv.at\/vrsoe\/wp-content\/uploads\/2018\/11\/fb-logo-300x300-150x150.jpg 150w, https:\/\/www.nssv.at\/vrsoe\/wp-content\/uploads\/2018\/11\/fb-logo-300x300.jpg 300w\" sizes=\"auto, (max-width: 50px) 100vw, 50px\" \/><\/a> &nbsp; <img loading=\"lazy\" decoding=\"async\" class=\"alignnone wp-image-9502\" src=\"https:\/\/www.nssv.at\/vrsoe\/wp-content\/uploads\/2019\/12\/internet-explorer-icon-12.png\" alt=\"\" width=\"50\" height=\"50\" srcset=\"https:\/\/www.nssv.at\/vrsoe\/wp-content\/uploads\/2019\/12\/internet-explorer-icon-12.png 256w, https:\/\/www.nssv.at\/vrsoe\/wp-content\/uploads\/2019\/12\/internet-explorer-icon-12-150x150.png 150w\" sizes=\"auto, (max-width: 50px) 100vw, 50px\" \/> &nbsp; <img loading=\"lazy\" decoding=\"async\" class=\"alignnone wp-image-9146\" src=\"https:\/\/www.nssv.at\/vrsoe\/wp-content\/uploads\/2018\/11\/email-150x150.png\" alt=\"\" width=\"50\" height=\"50\" srcset=\"https:\/\/www.nssv.at\/vrsoe\/wp-content\/uploads\/2018\/11\/email-150x150.png 150w, https:\/\/www.nssv.at\/vrsoe\/wp-content\/uploads\/2018\/11\/email-300x300.png 300w, https:\/\/www.nssv.at\/vrsoe\/wp-content\/uploads\/2018\/11\/email.png 512w\" sizes=\"auto, (max-width: 50px) 100vw, 50px\" \/><span class=\"_5yl5\">Everything-o-Kay<\/span> [@nssv.at]<\/p>\n<p><img loading=\"lazy\" decoding=\"async\" class=\"alignnone size-full wp-image-9599\" src=\"https:\/\/www.nssv.at\/vrsoe\/wp-content\/uploads\/2020\/01\/pawline2020.png\" alt=\"\" width=\"988\" height=\"50\" srcset=\"https:\/\/www.nssv.at\/vrsoe\/wp-content\/uploads\/2020\/01\/pawline2020.png 988w, https:\/\/www.nssv.at\/vrsoe\/wp-content\/uploads\/2020\/01\/pawline2020-300x15.png 300w, https:\/\/www.nssv.at\/vrsoe\/wp-content\/uploads\/2020\/01\/pawline2020-768x39.png 768w\" sizes=\"auto, (max-width: 988px) 100vw, 988px\" \/><\/p>\n<p>&nbsp;<\/p>\n<h2><em>Rescuebereich &#8211; VRS\u00d6 Sektion 1<\/em><br \/>\n<strong>Karin Kundegraber<\/strong><\/h2>\n<p>Karin setzt sich seit langer, langer Zeit schon f\u00fcr das <strong>Wohl der nordischen Hunde<\/strong> ein. Ihre Aufgabe ist es, <strong>Nordischen in Not in \u00d6sterreich<\/strong> Hilfestellung so weit als m\u00f6glich zu geben. Sie betreut unsere Vermittlungsplattform (<a href=\"https:\/\/www.facebook.com\/amcsfoe\/\" target=\"_blank\" rel=\"noopener noreferrer\">AMCSF\u00d6-Facebookseite<\/a>) und k\u00fcmmert sich bei Fragen rund um die Haltung der Hunde auch um Euch. Bei Problemen und wenn Ihr nicht mehr weiter wisst, steht Karin Euch gerne zur Verf\u00fcgung. Sie ist die &#8222;Gute Fee der Nordischen &#8220; bei uns im Team.<\/p>\n<p><a href=\"https:\/\/www.nssv.at\/vrsoe\/wp-content\/uploads\/2018\/11\/Karin-shakira.jpg\" class=\"thickbox no_icon\"><img loading=\"lazy\" decoding=\"async\" class=\"alignnone size-thumbnail wp-image-9158\" src=\"https:\/\/www.nssv.at\/vrsoe\/wp-content\/uploads\/2018\/11\/Karin-shakira-150x150.jpg\" alt=\"\" width=\"150\" height=\"150\"><\/a><\/p>\n<p><a href=\"https:\/\/www.facebook.com\/karin.malasky\" target=\"_blank\" rel=\"noopener noreferrer\"><img loading=\"lazy\" decoding=\"async\" class=\"alignnone wp-image-9156\" src=\"https:\/\/www.nssv.at\/vrsoe\/wp-content\/uploads\/2018\/11\/fb-logo-300x300-150x150.jpg\" alt=\"\" width=\"50\" height=\"50\" srcset=\"https:\/\/www.nssv.at\/vrsoe\/wp-content\/uploads\/2018\/11\/fb-logo-300x300-150x150.jpg 150w, https:\/\/www.nssv.at\/vrsoe\/wp-content\/uploads\/2018\/11\/fb-logo-300x300.jpg 300w\" sizes=\"auto, (max-width: 50px) 100vw, 50px\" \/><\/a> &nbsp; <img loading=\"lazy\" decoding=\"async\" class=\"alignnone wp-image-9502\" src=\"https:\/\/www.nssv.at\/vrsoe\/wp-content\/uploads\/2019\/12\/internet-explorer-icon-12.png\" alt=\"\" width=\"50\" height=\"50\" srcset=\"https:\/\/www.nssv.at\/vrsoe\/wp-content\/uploads\/2019\/12\/internet-explorer-icon-12.png 256w, https:\/\/www.nssv.at\/vrsoe\/wp-content\/uploads\/2019\/12\/internet-explorer-icon-12-150x150.png 150w\" sizes=\"auto, (max-width: 50px) 100vw, 50px\" \/> &nbsp; <img loading=\"lazy\" decoding=\"async\" class=\"alignnone wp-image-9146\" src=\"https:\/\/www.nssv.at\/vrsoe\/wp-content\/uploads\/2018\/11\/email-150x150.png\" alt=\"\" width=\"50\" height=\"50\" srcset=\"https:\/\/www.nssv.at\/vrsoe\/wp-content\/uploads\/2018\/11\/email-150x150.png 150w, https:\/\/www.nssv.at\/vrsoe\/wp-content\/uploads\/2018\/11\/email-300x300.png 300w, https:\/\/www.nssv.at\/vrsoe\/wp-content\/uploads\/2018\/11\/email.png 512w\" sizes=\"auto, (max-width: 50px) 100vw, 50px\" \/>rescue [@nssv.at]<\/p>\n<p><img loading=\"lazy\" decoding=\"async\" class=\"alignnone size-full wp-image-9599\" src=\"https:\/\/www.nssv.at\/vrsoe\/wp-content\/uploads\/2020\/01\/pawline2020.png\" alt=\"\" width=\"988\" height=\"50\" srcset=\"https:\/\/www.nssv.at\/vrsoe\/wp-content\/uploads\/2020\/01\/pawline2020.png 988w, https:\/\/www.nssv.at\/vrsoe\/wp-content\/uploads\/2020\/01\/pawline2020-300x15.png 300w, https:\/\/www.nssv.at\/vrsoe\/wp-content\/uploads\/2020\/01\/pawline2020-768x39.png 768w\" sizes=\"auto, (max-width: 988px) 100vw, 988px\" \/><\/p>\n<p>&nbsp;<\/p>\n<h2><em>Tierschutz &#8211; VRS\u00d6 Sektionen 1 &amp; 2<\/em><br \/>\n<strong>Christian Veigl<\/strong><\/h2>\n<p>Als Verbandsvorsitzender hat Christian zus\u00e4tzlich auch den <strong>Tierschutz<\/strong> in seinen Aufgabenbereichen, und da duldet er keine Verfehlungen oder \u00dcbertretungen was Gesetze, Regeln oder Vorschriften anbelangt. Das Wohl der Hunde liegt ihm mehr am Herzen als Freundschaften die sich nicht als echt erweisen sondern nur dem Mittel zum Zweck dienen. Was jeder privat macht ist ihm egal und liegt nicht in seinem Einflussbereich, doch innerhalb des Verbandes und beim Verhalten unserer Mitglieder bei Sportveranstaltungen innerhalb und au\u00dferhalb des Verbandes, kennt er keine Toleranz. Die Hunde sind ihm zu wichtig als dass er sie zu Schaden kommen lassen w\u00fcrde.<\/p>\n<h6><a href=\"https:\/\/www.nssv.at\/vrsoe\/wp-content\/uploads\/2018\/01\/MG_1929.jpg\" class=\"thickbox no_icon\"><img loading=\"lazy\" decoding=\"async\" class=\"alignnone size-thumbnail wp-image-1365\" src=\"https:\/\/www.nssv.at\/vrsoe\/wp-content\/uploads\/2018\/01\/MG_1929-150x150.jpg\" alt=\"\" width=\"150\" height=\"150\"><\/a> <a href=\"https:\/\/www.nssv.at\/vrsoe\/wp-content\/uploads\/2018\/01\/IMG_8910-2.jpg\" class=\"thickbox no_icon\"><img loading=\"lazy\" decoding=\"async\" class=\"alignnone size-thumbnail wp-image-1208\" src=\"https:\/\/www.nssv.at\/vrsoe\/wp-content\/uploads\/2018\/01\/IMG_8910-2-150x150.jpg\" alt=\"\" width=\"150\" height=\"150\"><\/a>&nbsp;<a href=\"https:\/\/www.nssv.at\/vrsoe\/wp-content\/uploads\/2016\/08\/14-01-10_1427.jpg\" class=\"thickbox no_icon\"><img loading=\"lazy\" decoding=\"async\" class=\"alignnone size-thumbnail wp-image-7\" src=\"https:\/\/www.nssv.at\/vrsoe\/wp-content\/uploads\/2016\/08\/14-01-10_1427-150x150.jpg\" alt=\"\" width=\"150\" height=\"150\"><\/a> <a href=\"https:\/\/www.nssv.at\/vrsoe\/wp-content\/uploads\/2018\/11\/IMG_20180731_112720.jpg\" class=\"thickbox no_icon\"><img loading=\"lazy\" decoding=\"async\" class=\"alignnone wp-image-9150 size-thumbnail\" src=\"https:\/\/www.nssv.at\/vrsoe\/wp-content\/uploads\/2018\/11\/IMG_20180731_112720-150x150.jpg\" alt=\"\" width=\"150\" height=\"150\"><\/a><br \/>\nChristian beim Bikej\u00f6ring, Nordic Walking mit Hund (Walk&#8217;n&#8217;Dog) und am Schlitten. Auch Langstreckenwandern geh\u00f6rt zu seinen Leidenschaften.<\/h6>\n<p><a href=\"https:\/\/www.facebook.com\/arctic.snownoses\" target=\"_blank\" rel=\"noopener noreferrer\"><img loading=\"lazy\" decoding=\"async\" class=\"alignnone wp-image-9156\" src=\"https:\/\/www.nssv.at\/vrsoe\/wp-content\/uploads\/2018\/11\/fb-logo-300x300-150x150.jpg\" alt=\"\" width=\"50\" height=\"50\" srcset=\"https:\/\/www.nssv.at\/vrsoe\/wp-content\/uploads\/2018\/11\/fb-logo-300x300-150x150.jpg 150w, https:\/\/www.nssv.at\/vrsoe\/wp-content\/uploads\/2018\/11\/fb-logo-300x300.jpg 300w\" sizes=\"auto, (max-width: 50px) 100vw, 50px\" \/><\/a> &nbsp; <a href=\"https:\/\/blog.veigl.net\/\" target=\"_blank\" rel=\"noopener noreferrer\"><img loading=\"lazy\" decoding=\"async\" class=\"alignnone wp-image-9502\" src=\"https:\/\/www.nssv.at\/vrsoe\/wp-content\/uploads\/2019\/12\/internet-explorer-icon-12.png\" alt=\"\" width=\"50\" height=\"50\" srcset=\"https:\/\/www.nssv.at\/vrsoe\/wp-content\/uploads\/2019\/12\/internet-explorer-icon-12.png 256w, https:\/\/www.nssv.at\/vrsoe\/wp-content\/uploads\/2019\/12\/internet-explorer-icon-12-150x150.png 150w\" sizes=\"auto, (max-width: 50px) 100vw, 50px\" \/><\/a> &nbsp;&nbsp;<img loading=\"lazy\" decoding=\"async\" class=\"alignnone wp-image-9146\" src=\"https:\/\/www.nssv.at\/vrsoe\/wp-content\/uploads\/2018\/11\/email-150x150.png\" alt=\"\" width=\"50\" height=\"50\" srcset=\"https:\/\/www.nssv.at\/vrsoe\/wp-content\/uploads\/2018\/11\/email-150x150.png 150w, https:\/\/www.nssv.at\/vrsoe\/wp-content\/uploads\/2018\/11\/email-300x300.png 300w, https:\/\/www.nssv.at\/vrsoe\/wp-content\/uploads\/2018\/11\/email.png 512w\" sizes=\"auto, (max-width: 50px) 100vw, 50px\" \/>tierschutz [@nssv.at]<\/p>\n<p><img loading=\"lazy\" decoding=\"async\" class=\"alignnone size-full wp-image-9599\" src=\"https:\/\/www.nssv.at\/vrsoe\/wp-content\/uploads\/2020\/01\/pawline2020.png\" alt=\"\" width=\"988\" height=\"50\" srcset=\"https:\/\/www.nssv.at\/vrsoe\/wp-content\/uploads\/2020\/01\/pawline2020.png 988w, https:\/\/www.nssv.at\/vrsoe\/wp-content\/uploads\/2020\/01\/pawline2020-300x15.png 300w, https:\/\/www.nssv.at\/vrsoe\/wp-content\/uploads\/2020\/01\/pawline2020-768x39.png 768w\" sizes=\"auto, (max-width: 988px) 100vw, 988px\" \/><\/p>\n<p>&nbsp;<\/p>\n<p>Lasst Euch jetzt nicht abschrecken aufgrund der wenigen Eintr\u00e4ge hier. Diese Seite ist noch im Aufbau, genauso wie unser neues Team! Wollt Ihr auch was dazu beitragen und seid um die Nordischen oder den guten Sport bem\u00fcht? Dann meldet Euch bei uns, schreibt uns Eure Visionen, und wir melden uns bei Euch! Unsere aktiven Teammitglieder sind nat\u00fcrlich beitragsfrei gestellt. (Mail: offi&#99;&#101;&#64;&#110;&#115;&#x73;&#x76;&#x2e;&#x61;&#x74;)<\/p>\n","protected":false},"excerpt":{"rendered":"<p>Das neue Team des VRS\u00d6, f\u00fcr Euch und dem Wohl Eurer Hunde bem\u00fcht Hier m\u00f6chten wir Euch unser Team (Nicht mit dem Pr\u00e4sidium zu verwechseln!) vorstellen, dass sich f\u00fcr Euch, Eure Hunde, und dem Sport einsetzt. Ihre Erfahrung und die pers\u00f6nliche Einstellung zum Ganzen machen sie dazu pr\u00e4destiniert, Euch beratend und unterst\u00fctzend, als auch hilfestellend [&hellip;]<\/p>\n","protected":false},"author":2,"featured_media":732,"parent":34,"menu_order":0,"comment_status":"closed","ping_status":"closed","template":"","meta":{"_bbp_topic_count":0,"_bbp_reply_count":0,"_bbp_total_topic_count":0,"_bbp_total_reply_count":0,"_bbp_voice_count":0,"_bbp_anonymous_reply_count":0,"_bbp_topic_count_hidden":0,"_bbp_reply_count_hidden":0,"_bbp_forum_subforum_count":0,"ngg_post_thumbnail":0,"footnotes":""},"class_list":["post-9133","page","type-page","status-publish","has-post-thumbnail","hentry"],"amp_enabled":true,"_links":{"self":[{"href":"https:\/\/www.nssv.at\/vrsoe\/wp-json\/wp\/v2\/pages\/9133","targetHints":{"allow":["GET"]}}],"collection":[{"href":"https:\/\/www.nssv.at\/vrsoe\/wp-json\/wp\/v2\/pages"}],"about":[{"href":"https:\/\/www.nssv.at\/vrsoe\/wp-json\/wp\/v2\/types\/page"}],"author":[{"embeddable":true,"href":"https:\/\/www.nssv.at\/vrsoe\/wp-json\/wp\/v2\/users\/2"}],"replies":[{"embeddable":true,"href":"https:\/\/www.nssv.at\/vrsoe\/wp-json\/wp\/v2\/comments?post=9133"}],"version-history":[{"count":0,"href":"https:\/\/www.nssv.at\/vrsoe\/wp-json\/wp\/v2\/pages\/9133\/revisions"}],"up":[{"embeddable":true,"href":"https:\/\/www.nssv.at\/vrsoe\/wp-json\/wp\/v2\/pages\/34"}],"wp:featuredmedia":[{"embeddable":true,"href":"https:\/\/www.nssv.at\/vrsoe\/wp-json\/wp\/v2\/media\/732"}],"wp:attachment":[{"href":"https:\/\/www.nssv.at\/vrsoe\/wp-json\/wp\/v2\/media?parent=9133"}],"curies":[{"name":"wp","href":"https:\/\/api.w.org\/{rel}","templated":true}]}}