{"id":7564,"date":"2018-04-19T22:02:52","date_gmt":"2018-04-19T20:02:52","guid":{"rendered":"http:\/\/www.nssv.at\/VRSOE\/?page_id=7564"},"modified":"2018-04-19T22:06:06","modified_gmt":"2018-04-19T20:06:06","slug":"anmeldung-eines-teilnehmenden-hundes-ins-vrsoe-microchip-register","status":"publish","type":"page","link":"https:\/\/www.nssv.at\/vrsoe\/termine\/anmeldung-eines-teilnehmenden-hundes-ins-vrsoe-microchip-register","title":{"rendered":"Anmeldung eines teilnehmenden Hundes ins VRS\u00d6 Microchip-Register"},"content":{"rendered":"\n<div class=\"wpcf7 no-js\" id=\"wpcf7-f7555-o1\" lang=\"de-DE\" dir=\"ltr\" data-wpcf7-id=\"7555\">\n<div class=\"screen-reader-response\"><p role=\"status\" aria-live=\"polite\" aria-atomic=\"true\"><\/p> <ul><\/ul><\/div>\n<form action=\"\/vrsoe\/wp-json\/wp\/v2\/pages\/7564#wpcf7-f7555-o1\" method=\"post\" class=\"wpcf7-form init\" aria-label=\"Kontaktformular\" novalidate=\"novalidate\" data-status=\"init\">\n<fieldset class=\"hidden-fields-container\"><input type=\"hidden\" name=\"_wpcf7\" value=\"7555\" \/><input type=\"hidden\" name=\"_wpcf7_version\" value=\"6.1.5\" \/><input type=\"hidden\" name=\"_wpcf7_locale\" value=\"de_DE\" \/><input type=\"hidden\" name=\"_wpcf7_unit_tag\" value=\"wpcf7-f7555-o1\" \/><input type=\"hidden\" name=\"_wpcf7_container_post\" value=\"0\" \/><input type=\"hidden\" name=\"_wpcf7_posted_data_hash\" value=\"\" \/>\n<\/fieldset>\n<p>Wenn Ihr das erste Mal bei uns zusammen mit Eurem Hund teilnehmt, dann brauchen wir ein paar Daten \u00fcber Euren Vierbeiner um die Anforderungen der Tierschutzvorgaben erf\u00fcllen zu k\u00f6nnen. Wenn Euer Hund schon bei uns gemeldet ist, dann braucht Ihr das kein zweites Mal zu tun. Bitte f\u00fcllt f\u00fcr jeden Hund einzeln dieses Formular aus:<br \/>\n<\/p>\n<p><label><b> Vor- und Zuname des Hundehalters oder der Hundehalterin <\/b>(Pflichtfeld!):<br \/>\n<span class=\"wpcf7-form-control-wrap\" data-name=\"your-name\"><input size=\"40\" maxlength=\"400\" class=\"wpcf7-form-control wpcf7-text wpcf7-validates-as-required\" aria-required=\"true\" aria-invalid=\"false\" value=\"\" type=\"text\" name=\"your-name\" \/><\/span> <\/label>\n<\/p>\n<p><label><b> Deine Mailadresse <\/b>(Pflichtfeld!):<br \/>\n<span class=\"wpcf7-form-control-wrap\" data-name=\"your-email\"><input size=\"40\" maxlength=\"400\" class=\"wpcf7-form-control wpcf7-email wpcf7-validates-as-required wpcf7-text wpcf7-validates-as-email\" aria-required=\"true\" aria-invalid=\"false\" value=\"\" type=\"email\" name=\"your-email\" \/><\/span> <\/label>\n<\/p>\n<p><label><b> Name und Zwingername des Hundes <\/b>(Pflichtfeld!):<br \/>\n<span class=\"wpcf7-form-control-wrap\" data-name=\"hundename\"><input size=\"40\" maxlength=\"400\" class=\"wpcf7-form-control wpcf7-text wpcf7-validates-as-required\" aria-required=\"true\" aria-invalid=\"false\" value=\"\" type=\"text\" name=\"hundename\" \/><\/span> <\/label>\n<\/p>\n<p><label><b> Geburtsdatum des Hundes <\/b>(Pflichtfeld!):<br \/>\n<span class=\"wpcf7-form-control-wrap\" data-name=\"geburtsdatum\"><input class=\"wpcf7-form-control wpcf7-date wpcf7-validates-as-required wpcf7-validates-as-date\" aria-required=\"true\" aria-invalid=\"false\" value=\"\" type=\"date\" name=\"geburtsdatum\" \/><\/span> <\/label>\n<\/p>\n<p><label><b> Rasse des Hundes <\/b>(Pflichtfeld!):<br \/>\n<span class=\"wpcf7-form-control-wrap\" data-name=\"rasse\"><input size=\"40\" maxlength=\"400\" class=\"wpcf7-form-control wpcf7-text wpcf7-validates-as-required\" aria-required=\"true\" aria-invalid=\"false\" value=\"\" type=\"text\" name=\"rasse\" \/><\/span> <\/label>\n<\/p>\n<p><label><b> Geschlecht des Hundes <\/b>(Pflichtfeld!):<\/label><br \/>\n<span class=\"wpcf7-form-control-wrap\" data-name=\"geschlecht\"><span class=\"wpcf7-form-control wpcf7-radio\"><span class=\"wpcf7-list-item first\"><input type=\"radio\" name=\"geschlecht\" value=\"M\u00e4nnlich\" \/><span class=\"wpcf7-list-item-label\">M\u00e4nnlich<\/span><\/span><span class=\"wpcf7-list-item last\"><input type=\"radio\" name=\"geschlecht\" value=\"Weiblich\" \/><span class=\"wpcf7-list-item-label\">Weiblich<\/span><\/span><\/span><\/span>\n<\/p>\n<p><label><b> Microchip-Nummer <\/b>(Pflichtfeld!):<br \/>\n<span class=\"wpcf7-form-control-wrap\" data-name=\"microchip-nummer\"><input size=\"40\" maxlength=\"400\" class=\"wpcf7-form-control wpcf7-text wpcf7-validates-as-required\" aria-required=\"true\" aria-invalid=\"false\" value=\"\" type=\"text\" name=\"microchip-nummer\" \/><\/span> <\/label>\n<\/p>\n<p><label><b> Heimtierausweis-Nummer <\/b>(Pflichtfeld!):<br \/>\n<span class=\"wpcf7-form-control-wrap\" data-name=\"heimtierausweis-nummer\"><input size=\"40\" maxlength=\"400\" class=\"wpcf7-form-control wpcf7-text wpcf7-validates-as-required\" aria-required=\"true\" aria-invalid=\"false\" value=\"\" type=\"text\" name=\"heimtierausweis-nummer\" \/><\/span> <\/label>\n<\/p>\n<p><label><b> Datum der letzten Tollwutimpfung <\/b>(Pflichtfeld!):<br \/>\n<span class=\"wpcf7-form-control-wrap\" data-name=\"tollwutimpfung\"><input class=\"wpcf7-form-control wpcf7-date wpcf7-validates-as-required wpcf7-validates-as-date\" aria-required=\"true\" aria-invalid=\"false\" value=\"\" type=\"date\" name=\"tollwutimpfung\" \/><\/span> <\/label>\n<\/p>\n<p><label><b> Hundehaftpflichtversicherungsanstalt <\/b>(Pflichtfeld!):<br \/>\n<span class=\"wpcf7-form-control-wrap\" data-name=\"versicherung\"><input size=\"40\" maxlength=\"400\" class=\"wpcf7-form-control wpcf7-text wpcf7-validates-as-required\" aria-required=\"true\" aria-invalid=\"false\" value=\"\" type=\"text\" name=\"versicherung\" \/><\/span> <\/label>\n<\/p>\n<p><label><b> Polizzen-Nummer <\/b>(Pflichtfeld!):<br \/>\n<span class=\"wpcf7-form-control-wrap\" data-name=\"polizze\"><input size=\"40\" maxlength=\"400\" class=\"wpcf7-form-control wpcf7-text wpcf7-validates-as-required\" aria-required=\"true\" aria-invalid=\"false\" value=\"\" type=\"text\" name=\"polizze\" \/><\/span> <\/label>\n<\/p>\n<p>[wpgdprc \"Mit der Nutzung dieses Formulars erkl\u00e4rst Du Dich mit der Speicherung und Verarbeitung Deiner Daten durch diese Website sowie dem Verband und die ihm abgeschlossenen Vereine einverstanden.\"]\n<\/p>\n<p><input class=\"wpcf7-form-control wpcf7-submit has-spinner\" type=\"submit\" value=\"Senden\" \/>\n<\/p><div class=\"wpcf7-response-output\" aria-hidden=\"true\"><\/div>\n<\/form>\n<\/div>\n\n","protected":false},"excerpt":{"rendered":"","protected":false},"author":2,"featured_media":0,"parent":306,"menu_order":0,"comment_status":"closed","ping_status":"closed","template":"","meta":{"_bbp_topic_count":0,"_bbp_reply_count":0,"_bbp_total_topic_count":0,"_bbp_total_reply_count":0,"_bbp_voice_count":0,"_bbp_anonymous_reply_count":0,"_bbp_topic_count_hidden":0,"_bbp_reply_count_hidden":0,"_bbp_forum_subforum_count":0,"ngg_post_thumbnail":0,"footnotes":""},"class_list":["post-7564","page","type-page","status-publish","hentry"],"amp_enabled":true,"_links":{"self":[{"href":"https:\/\/www.nssv.at\/vrsoe\/wp-json\/wp\/v2\/pages\/7564","targetHints":{"allow":["GET"]}}],"collection":[{"href":"https:\/\/www.nssv.at\/vrsoe\/wp-json\/wp\/v2\/pages"}],"about":[{"href":"https:\/\/www.nssv.at\/vrsoe\/wp-json\/wp\/v2\/types\/page"}],"author":[{"embeddable":true,"href":"https:\/\/www.nssv.at\/vrsoe\/wp-json\/wp\/v2\/users\/2"}],"replies":[{"embeddable":true,"href":"https:\/\/www.nssv.at\/vrsoe\/wp-json\/wp\/v2\/comments?post=7564"}],"version-history":[{"count":0,"href":"https:\/\/www.nssv.at\/vrsoe\/wp-json\/wp\/v2\/pages\/7564\/revisions"}],"up":[{"embeddable":true,"href":"https:\/\/www.nssv.at\/vrsoe\/wp-json\/wp\/v2\/pages\/306"}],"wp:attachment":[{"href":"https:\/\/www.nssv.at\/vrsoe\/wp-json\/wp\/v2\/media?parent=7564"}],"curies":[{"name":"wp","href":"https:\/\/api.w.org\/{rel}","templated":true}]}}