{"id":2,"date":"2016-08-16T15:55:47","date_gmt":"2016-08-16T13:55:47","guid":{"rendered":""},"modified":"2026-01-26T13:37:19","modified_gmt":"2026-01-26T12:37:19","slug":"beispiel-seite","status":"publish","type":"page","link":"https:\/\/www.nssv.at\/vrsoe\/beispiel-seite","title":{"rendered":"Impressum"},"content":{"rendered":"<p><strong>Betreiber des Blogs:<\/strong><\/p>\n<p>VRS\u00d6 &#8211; Verband f\u00fcr reinrassigen Schlittenhundesport und Nachwuchsausbildung in \u00d6sterreich<br \/>\n2201 Gerasdorf, Feldgasse 93. ZVR: 202718840.<br \/>\nAusk\u00fcnfte und Anfragen werden ausschlie\u00dflich schriftlich entgegen genommen und bearbeitet!<\/p>\n<p><img loading=\"lazy\" decoding=\"async\" class=\"alignnone wp-image-10910\" src=\"https:\/\/www.nssv.at\/vrsoe\/wp-content\/uploads\/2024\/01\/kisspng-front-and-back-office-application-computer-icons-5b1a28d89aaec5.6739014715284410486336-150x150.png\" alt=\"\" width=\"50\" height=\"50\" srcset=\"https:\/\/www.nssv.at\/vrsoe\/wp-content\/uploads\/2024\/01\/kisspng-front-and-back-office-application-computer-icons-5b1a28d89aaec5.6739014715284410486336-150x150.png 150w, https:\/\/www.nssv.at\/vrsoe\/wp-content\/uploads\/2024\/01\/kisspng-front-and-back-office-application-computer-icons-5b1a28d89aaec5.6739014715284410486336-300x300.png 300w, https:\/\/www.nssv.at\/vrsoe\/wp-content\/uploads\/2024\/01\/kisspng-front-and-back-office-application-computer-icons-5b1a28d89aaec5.6739014715284410486336.png 512w\" sizes=\"auto, (max-width: 50px) 100vw, 50px\" \/><em><strong><br \/>\n<\/strong>E-Mail: office&#64;&#110;&#115;&#115;&#118;&#46;&#97;&#x74;<strong><br \/>\n<\/strong><\/em><\/p>\n<h5>Achtung! Wir beantworten KEINE Anfragen bez\u00fcglich Hunde- oder Welpenvermittlung sowie Schlittenfahrten!<\/h5>\n<p>&nbsp;<\/p>\n<p><strong>Der aktuelle Vorstand setzt sich zusammen aus:<\/strong><\/p>\n<p><em><img loading=\"lazy\" decoding=\"async\" class=\"alignnone size-full wp-image-7508\" src=\"https:\/\/www.nssv.at\/vrsoe\/wp-content\/uploads\/2018\/04\/christian2.jpg\" alt=\"\" width=\"63\" height=\"75\"><br \/>\nPr\u00e4sident &amp; Finanzreferent:<\/em><br \/>\n<em>Veigl Christian (&#x70;r&#x61;&#101;&#x73;&#105;d&#x65;&#110;&#x74;&#64;n&#x73;&#115;&#x76;&#46;a&#x74;)<\/em><\/p>\n<p><em><img loading=\"lazy\" decoding=\"async\" class=\"alignnone size-full wp-image-7509\" src=\"https:\/\/www.nssv.at\/vrsoe\/wp-content\/uploads\/2018\/04\/manuela.jpg\" alt=\"\" width=\"63\" height=\"75\"><br \/>\nGeneralsekret\u00e4rin:<\/em><br \/>\n<em>Veigl Manuela&nbsp;(&#103;&#x65;&#x6e;e&#114;&#x61;l&#115;&#x65;&#x6b;r&#101;&#x74;a&#101;&#x72;&#x69;n&#64;&#x6e;s&#115;&#x76;&#x2e;&#97;&#116;)<\/em><\/p>\n<p><em><a href=\"https:\/\/www.nssv.at\/vrsoe\/wp-content\/uploads\/2017\/01\/kein-foto-1.jpg\" class=\"thickbox no_icon\"><img loading=\"lazy\" decoding=\"async\" class=\"alignnone wp-image-878 size-full\" src=\"https:\/\/www.nssv.at\/vrsoe\/wp-content\/uploads\/2017\/01\/kein-foto-1.jpg\" alt=\"\" width=\"65\" height=\"75\"><\/a><br \/>\nSportreferent:<\/em><br \/>\n<em>Derzeit nicht besetzt &#8230; (sportreferen&#116;&#64;&#110;&#115;&#115;&#118;&#46;&#97;&#116;)<\/em><\/p>\n<p><em><img loading=\"lazy\" decoding=\"async\" class=\"alignnone size-full wp-image-594\" src=\"https:\/\/www.nssv.at\/vrsoe\/wp-content\/uploads\/2017\/01\/chris_heiss-75.jpg\" alt=\"\" width=\"65\" height=\"75\"><br \/>\nOrganisationsreferent:<\/em><br \/>\n<em>Heiss Christian (&#x6f;&#x72;&#x67;&#x61;&#x6e;&#x69;&#x73;&#x61;&#116;&#105;&#111;&#110;&#64;&#110;&#115;sv&#46;a&#x74;)<\/em><\/p>\n<p><em><img loading=\"lazy\" decoding=\"async\" class=\"alignnone size-full wp-image-7508\" src=\"https:\/\/www.nssv.at\/vrsoe\/wp-content\/uploads\/2018\/04\/christian2.jpg\" alt=\"\" width=\"63\" height=\"75\"><br \/>\nTierschutzbeauftragter:<\/em><br \/>\n<em>Veigl Christian (&#116;i&#101;r&#115;c&#x68;u&#x74;z&#x40;n&#x73;s&#x76;&#46;&#x61;t)<\/em><\/p>\n<p>&nbsp;<\/p>\n<p><strong>Operatives Team und Rassereferate:<\/strong><\/p>\n<p><img loading=\"lazy\" decoding=\"async\" class=\"alignnone size-full wp-image-9224\" src=\"https:\/\/www.nssv.at\/vrsoe\/wp-content\/uploads\/2018\/11\/core.jpg\" alt=\"\" width=\"65\" height=\"75\"><br \/>\n<em>Operatives Team &#8211; Ern\u00e4hrung<\/em><br \/>\n<em>Stummer Corina (&#101;&#x72;n&#x61;&#x65;&#104;&#x72;u&#x6e;&#x67;&#64;&#x6e;s&#x73;&#x76;&#46;&#x61;t)<\/em><\/p>\n<p><img loading=\"lazy\" decoding=\"async\" class=\"alignnone size-full wp-image-7450\" src=\"https:\/\/www.nssv.at\/vrsoe\/wp-content\/uploads\/2018\/01\/claudia-s.jpg\" alt=\"\" width=\"65\" height=\"75\"><br \/>\n<em>Operatives Team &#8211; Sportbereich<\/em><br \/>\n<em>Schnabl Claudia (&#69;&#x76;&#x65;r&#121;&#x74;h&#105;&#x6e;g&#45;&#x6f;-&#75;&#x61;&#x79;&#64;&#x6e;&#x73;s&#118;&#x2e;a&#116;)<\/em><\/p>\n<p><em><img loading=\"lazy\" decoding=\"async\" class=\"alignnone size-full wp-image-9552\" src=\"https:\/\/www.nssv.at\/vrsoe\/wp-content\/uploads\/2020\/01\/Gloria_Eberl.jpg\" alt=\"\" width=\"65\" height=\"75\"><br \/>\nRassereferat SAMOJEDEN:<\/em><br \/>\n<em>Eberl Gloria (s&#97;&#109;&#x6f;&#x6a;&#x65;d&#101;&#110;&#x40;&#x6e;&#x73;sv&#46;&#x61;&#x74;)<\/em><\/p>\n<p><em><img loading=\"lazy\" decoding=\"async\" class=\"alignnone size-full wp-image-9553\" src=\"https:\/\/www.nssv.at\/vrsoe\/wp-content\/uploads\/2020\/01\/Manuela_Aigner.jpg\" alt=\"\" width=\"65\" height=\"75\"><br \/>\nRassereferat YAKUTIAN LAIKAS:<\/em><br \/>\n<em>Aigner Manuela (&#x79;&#97;k&#x75;&#x74;&#105;a&#x6e;&#x2d;&#108;a&#x69;&#107;a&#x73;&#x40;&#110;s&#x73;&#x76;&#46;a&#x74;)<\/em><\/p>\n<p><em><img loading=\"lazy\" decoding=\"async\" class=\"alignnone size-full wp-image-7508\" src=\"https:\/\/www.nssv.at\/vrsoe\/wp-content\/uploads\/2018\/04\/christian2.jpg\" alt=\"\" width=\"63\" height=\"75\"><br \/>\nRassereferat ALASKAN MALAMUTE:<\/em><br \/>\n<em>Veigl Christian (ala&#115;&#107;&#97;&#x6e;&#x2d;&#x6d;&#x61;&#x6c;&#x61;mut&#101;&#64;&#110;&#115;&#x73;&#x76;&#x2e;&#x61;&#x74;)<\/em><\/p>\n<p>&nbsp;<\/p>\n<p style=\"text-align: justify;\"><strong>Inhalt des Onlineangebotes<\/strong><\/p>\n<p style=\"text-align: justify;\">Der Autor \u00fcbernimmt keinerlei Gew\u00e4hr f\u00fcr die Aktualit\u00e4t, Korrektheit, Vollst\u00e4ndigkeit oder Qualit\u00e4t der bereitgestellten Informationen. Haftungsanspr\u00fcche gegen den Autor, die sich auf Sch\u00e4den materieller oder ideeller Art beziehen, welche durch die Nutzung oder Nichtnutzung der dargebotenen Informationen bzw. durch die Nutzung fehlerhafter und unvollst\u00e4ndiger Informationen verursacht wurden sind grunds\u00e4tzlich ausgeschlossen, sofern seitens des Autors kein nachweislich vors\u00e4tzliches oder grob fahrl\u00e4ssiges Verschulden vorliegt. Alle Angebote sind freibleibend und unverbindlich. Der Autor beh\u00e4lt es sich ausdr\u00fccklich vor, Teile der Seiten oder das gesamte Angebot ohne gesonderte Ank\u00fcndigung zu ver\u00e4ndern, zu erg\u00e4nzen, zu l\u00f6schen oder die Ver\u00f6ffentlichung zeitweise oder endg\u00fcltig einzustellen.<\/p>\n<p style=\"text-align: justify;\">Unsere Berichterstattung auf den News-Seiten oder sonstigen unseren Informationsseiten erfolgt \u00fcber Artikel oder Angaben von von uns selbst, aber auch Dritten. Diese k\u00f6nnen wir nicht immer auf ihre Richtigkeit \u00fcberpr\u00fcfen. Dennoch ver\u00f6ffentlichen wie sie, falls sie uns korrekt erscheinen. Bei Zusendung von Informationen samt Material und Fotos \u00fcberpr\u00fcfen wir auch nicht, ob es darauf Copyrights gibt. Diese Pr\u00fcfung obliegt dem Zusender und Author der Berichte. Eine L\u00f6schung eines Beitrages nehmen wir nur bei begr\u00fcndeten F\u00e4llen (Copyright-Fremdnachweis oder Versto\u00df gegen bestehende Gesetze) vor, ansonsten verrechnen wir eine Bearbeitungsgeb\u00fchr zu Lasten des Auftraggebers. Wir l\u00f6schen keinesfalls Eintr\u00e4ge, nur weil es einem Leser oder einem Betroffenen einfach nicht passt, das er erw\u00e4hnt wird. In \u00d6sterreich herrscht freie Berichterstattung ohne Zensur.<\/p>\n<p style=\"text-align: justify;\">Falls Sie vermuten, dass von dieser Website aus eines Ihrer Schutzrechte verletzt wird, teilen Sie das bitte umgehend per elektronischer Post mit, damit z\u00fcgig Abhilfe geschafft werden kann.<\/p>\n<p style=\"text-align: justify;\"><em><strong>Keine Abmahnung ohne vorherigen Kontakt! <\/strong>Vor Inanspruchnahme jeglicher Art in urheber-, wettbewerbs- oder markenrechtlichen Angelegenheiten, unverlangter Mailzusendung\/Werbung, bitten wir zur Vermeidung von unn\u00f6tigen Rechtsstreitigkeiten, Abmahnungen und den daraus resultierenden Kosten, uns umgehend zu kontaktieren. Wir sagen hiermit bereits Abhilfe zu, so dass eine eventuelle Wiederholungsgefahr ausgeschlossen ist. Eine dennoch ergehende Kostennote einer anwaltlichen Abmahnung ohne vorherige Kontaktaufnahme w\u00fcrden wir wegen Nichtbeachtung der Schadenminderungspflicht zur\u00fcckweisen.<\/em><\/p>\n<p>&nbsp;<\/p>\n<p style=\"text-align: justify;\"><strong>Urheberrecht<\/strong><\/p>\n<p style=\"text-align: justify;\">Der Autor ist bestrebt, in allen Publikationen die Urheberrechte der verwendeten Grafiken, Tondokumente, Videosequenzen und Texte zu beachten, von ihm selbst erstellte Grafiken, Tondokumente, Videosequenzen und Texte zu nutzen oder auf lizenzfreie Grafiken, Tondokumente, Videosequenzen und Texte zur\u00fcckzugreifen. Das Copyright f\u00fcr ver\u00f6ffentlichte, vom Autor selbst erstellte Objekte bleibt allein beim Autor der Seiten. Eine Vervielf\u00e4ltigung oder Verwendung solcher Grafiken, Tondokumente, Videosequenzen und Texte in anderen elektronischen oder gedruckten Publikationen ist ohne ausdr\u00fcckliche Zustimmung des Autors nicht gestattet.<\/p>\n<p>&nbsp;<\/p>\n<p style=\"text-align: justify;\"><strong>Rechtshinweis<\/strong><\/p>\n<p style=\"text-align: justify;\">Mit dem Urteil vom 12. Mail 1998 hat das Landgericht Hamburg entschieden, dass man durch die Anbringung eines Links, die Inhalte der gelinkten Seite ggf. mit zu verantworten hat. Dies kann &#8211; so das Landgericht &#8211; nur dadurch verhindert werden, dass man sich ausdr\u00fccklich von diesen Inhalten distanziert. F\u00fcr all diese Links gilt: Wir m\u00f6chten ausdr\u00fccklich betonen, dass wir keinerlei Einfluss auf die Gestaltung und die Inhalte der gelinkten Seiten haben. Deshalb distanzieren wir uns hiermit ausdr\u00fccklich von den Inhalten aller gelinkten Seiten auf dieser Linkliste. Diese Erkl\u00e4rung gilt f\u00fcr alle angebrachten Links.<\/p>\n<p>&nbsp;<\/p>\n<p style=\"text-align: justify;\"><strong>Erweiterte Nutzungsbeschr\u00e4nkung<\/strong><\/p>\n<p style=\"text-align: justify;\">\u00dcber Teile der Webseite (Forum, G\u00e4stebuch, Shout-Boxen, usw.) d\u00fcrfen Sie sich nicht an Aktivit\u00e4ten beteiligen, die ungesetzlich oder beleidigend sind, missbr\u00e4uchlich verwendet werden oder die Rechte Dritter verletzen und andere Nutzer daran hindern, diese Website sinngem\u00e4\u00df nutzen und zu genie\u00dfen. Es d\u00fcrfen die Inhalte auf der Website nicht \u00fcberwacht oder kopiert werden, indem Sie einen Roboter, &#8222;Bot&#8220;, &#8222;Spider&#8220;, &#8222;Crawler&#8220; oder andere automatische Ger\u00e4te oder handbetriebene Verfahren einsetzen, oder Handlungen vornehmen, die das einwandfreie Funktionieren der Website beeintr\u00e4chtigen. Automatisiertes oder manuelles ausfiltern von Emailadressen zum Zwecke von &#8222;Spamwerbungen&#8220; oder \u00e4hnlichem untersagen wir hiermit ebenfalls. Zuwiderhandlungen werden auch hier von uns zur Anzeige gebracht und strafrechtlich verfolgt.<\/p>\n<p>&nbsp;<\/p>\n<p style=\"text-align: justify;\"><strong>Erweitertes Urheberrecht<\/strong><\/p>\n<p style=\"text-align: justify;\">Alle Urheberrechte und sonstigen gewerblichen oder nicht gewerblichen Schutzrechte an der k\u00fcnstlerischen Gestaltung, den Grafiken, Texten, Video- und Audioclips, Marken, Logos und restlichen Inhalten, die auf dieser Seite zur Verf\u00fcgung stehen, sind Eigentum des VRS\u00d6 (inkl. AMCG, NSSV und LTH-Austria), oder werden mit Genehmigung oder Zusage des jeweiligen Urhebers verwendet. Sollte der Urheber auf unsere Anfragen nicht innerhalb von 4 Wochen eindeutig verneinen oder dazu keine Antwort abgeben, nehmen wir dies als Erlaubnis (mit Urheberkennzeichnung) zur Verwendung an. Sie d\u00fcrfen jeden Teil der Webseite f\u00fcr Ihren pers\u00f6nlichen Gebrauch auf Ihren pers\u00f6nlichen PC laden und kopieren, jedoch keine Inhalte, die auf der Webseite zur Verf\u00fcgung stehen, in andere Werke, einschlie\u00dflich Ihrer eigenen Webseite, kopieren oder darin einbeziehen oder die Inhalte auf irgendeine andere Weise \u00f6ffentlich, nicht kommerziell oder kommerziell verwerten. Urheberrechtsmarkierungen und Copyrights d\u00fcrfen auch nach unserer schriftlichen Genehmigung f\u00fcr die Verwendung von Teilen unserer Webseite, nicht entfernt oder ver\u00e4ndert werden.<\/p>\n<p>&nbsp;<\/p>\n<p style=\"text-align: justify;\"><strong>Unser Forum (forum.nssv.at) <\/strong><\/p>\n<p style=\"text-align: justify;\">Wir betreiben ein Mitglieder-Informationsforum, dessen User manuell angemeldet und freigeschaltet werden. Wir behalten uns das Recht vor, User ohne Angabe von Gr\u00fcnden wieder zu sperren, zu deaktivieren, oder auch komplett zu l\u00f6schen. Mitglieder erhalten einen Account nicht als Recht, sondern als freiwillige Leistung unsererseits. Wir distanzieren uns von den Inhalten der geschriebenen Eintr\u00e4ge und den geposteten Grafiken, Bildern oder sonstigen darstellenden Medien, und machen sie uns nicht zu Eigen. Bei Regelverst\u00f6\u00dfen behalten wir uns auch weitere Schritte gegen den jeweiligen User vor. Da wir nicht \u00fcberpr\u00fcfen k\u00f6nnen, ob auf den jeweils von den Usern geposteten Bildern und Grafiken etwaige Urheberrechte vorhanden sind, bitten wir bei Verst\u00f6\u00dfen um eine Nachricht, um diese entfernen zu k\u00f6nnen!<\/p>\n<p>&nbsp;<\/p>\n<p style=\"text-align: justify;\"><strong>Rechtswirksamkeit dieses Haftungsausschlusses<\/strong><\/p>\n<p style=\"text-align: justify;\">Dieser Haftungsausschluss ist als Teil des Internetangebotes zu betrachten, von dem aus auf diese Seite verwiesen wurde. Sofern Teile oder einzelne Formulierungen dieses Textes der geltenden Rechtslage nicht, nicht mehr oder nicht vollst\u00e4ndig entsprechen sollten, bleiben die \u00fcbrigen Teile des Dokumentes in ihrem Inhalt und ihrer G\u00fcltigkeit davon unber\u00fchrt.<\/p>\n<p>&nbsp;<\/p>\n<p style=\"text-align: justify;\"><b>Sportveranstaltungen des VRS\u00d6 &#8211; Allgemeine Teilnahmebedingungen und Datenschutz<\/b><\/p>\n<p style=\"text-align: justify;\"><b>Allgemeine Richtlinien<\/b><\/p>\n<p style=\"text-align: justify;\">Die Teilnahme erfolgt auf eigene Gefahr. Es wird allen Teilnehmer und -innen eine sport\u00e4rztliche Untersuchung vor Beginn einer nach Inhalt oder Leistungsbereich neuen sportlichen Bet\u00e4tigung empfohlen. Die jeweilige Leitung der Sportveranstaltung geht davon aus, dass die k\u00f6rperlichen Voraussetzungen f\u00fcr die Teilnahme gegeben sind. Es besteht jedoch die Verpflichtung, auf Aufforderung der jeweiligen sportlichen Leitung oder Betreuung eine entsprechende \u00e4rztliche Best\u00e4tigung beizubringen oder einen Arzt oder Krankenhaus aufzusuchen, widrigenfalls ein Ausschluss von einer weiteren Teilnahme ausgesprochen werden kann.<\/p>\n<p style=\"text-align: justify;\">Generell besteht nat\u00fcrlich die Verpflichtung, den Anweisungen der jeweiligen sportlichen Leitung oder Betreuung Folge zu leisten sowie alles zu unterlassen, was zu einer Gef\u00e4hrdung, Besch\u00e4digung oder Verletzung des Teilnehmers\/der Teilnehmerin oder Dritten oder Gegenst\u00e4nden f\u00fchren kann (Ausschlussgrund). Bei Ausschluss aus einem dieser Gr\u00fcnde erfolgt keine &#8211; auch keine nur anteilige &#8211; Refundierung eventuell bereits erlegter Beitr\u00e4ge.<\/p>\n<p style=\"text-align: justify;\">Eine Haftung des VRS\u00d6 und\/oder der jeweiligen sportlichen Leitung oder Betreuung f\u00fcr allf\u00e4llige aus der Teilnahme (samt An-und Abfahrten bzw. Aufenthalte vor, nach und bei der Veranstaltung) resultierenden Verletzungen\/Krankheiten ist ausgeschlossen.<\/p>\n<p>&nbsp;<\/p>\n<p style=\"text-align: justify;\"><b>Datenschutzerkl\u00e4rung<\/b><\/p>\n<p>Aufgrund der am 25. Mai 2018 in Kraft tretenden Datenschutzgrundverordnung (DSGVO) erkl\u00e4ren wir hiermit:<\/p>\n<p style=\"text-align: justify;\">Mit der Teilnahme an Sportveranstaltungen des VRS\u00d6 und seinen angeschlossenen Vereinen stimmt jeder Teilnehmer und Eventbesucher, einer allf\u00e4lligen Herstellung sowie Ver\u00f6ffentlichung, Verbreitung, Vervielf\u00e4ltigung, Verwendung und Verwertung der im Rahmen der jeweiligen Veranstaltung (worunter auch die Vor-, Nachbereitungs- und Reisezeit zu verstehen ist) hergestellten Videoaufnahmen, Fotografien bzw. Bilddokumente, welcher Art auch immer, durch den VRS\u00d6, seinen angeschlossenen Vereinen, oder den jeweiligen beauftragten Fotografen, zu. Dazu geh\u00f6rt auch der volle unentgeltliche \u00dcbertrag der Verwertungsrechte an den VRS\u00d6 bzw. dem jeweiligen Fotografen dieser Bilder. Diese Zustimmung gilt insbesondere auch f\u00fcr die Verwertung und Verwendung dieser Fotos f\u00fcr (auch kommerzielle) Werbezwecke des VRS\u00d6, der und\/oder Zweigvereine und\/oder der Dachverb\u00e4nde und\/oder der Mitgliedsvereine der Dachverb\u00e4nde und\/oder seiner Sponsoren oder F\u00f6rderer, welcher Art auch immer, beispielsweise auch aller VRS\u00d6 &#8211; Homepages, der Webseiten seiner angeschlossenen Vereine, ver\u00f6ffentlichten Medienberichten, Werbeeinschaltungen, Magazine, Plakate und Ank\u00fcndigungen oder Fanartikeln. Weiters kann der Fotograf diese Bilder als Referenz seiner T\u00e4tigkeiten ausweisen.<\/p>\n<p>Desweiteren m\u00f6chten wir betonen, dass s\u00e4mtliche ver\u00f6ffentlichte Fotos auf denen Personen zu erkennen sind, in Einverst\u00e4ndnis mit diesen gemacht wurden. Wir r\u00e4umen jedoch auch das Recht ein, dieses Einverst\u00e4ndnis zur\u00fcckzuziehen, und bei Bekanntgabe der Dateilinks zu den Fotos per Mail an uns (&#111;&#x66;f&#x69;&#x63;&#101;&#x40;n&#115;&#x73;&#118;&#x2e;a&#116;) eine L\u00f6schung zu vollziehen.<\/p>\n<p>Dar\u00fcber hinaus wird auch der Erfassung, Verwendung und \u00dcbermittlung der personenbezogenen Daten beim VRS\u00d6, der und\/oder Zweigvereine und\/oder der Dachverb\u00e4nde und\/oder der Mitgliedsvereine der Dachverb\u00e4nde zu vereinsinternen Zwecken (worunter auch Informationen zu weiteren Sportangeboten fallen) bzw. an Dritte, sofern diese f\u00fcr die Erlangung von Teilnahmeberechtigungen oder (Sport-)F\u00f6rderungen erforderlich sind, ausdr\u00fccklich zugestimmt.<\/p>\n<p>Folgende Blogformulare speichern personenbezogene Daten, die an uns ins Office gesendet werden, sobald diese an uns abgesendet werden:<\/p>\n<ul>\n<li>Onlineanmeldung zu einer Veranstaltung<\/li>\n<li>Online-Beitrittserkl\u00e4rung zu unserem Verband oder einer der angeschlossenen Vereine<\/li>\n<li>Online-Meldung eines Hundes ins VRS\u00d6 Microchipregister<\/li>\n<\/ul>\n<p>Die Daten werden per Formular und verschl\u00fcsselter Mail an uns gesendet und werden nicht am Server des Speicherplatzhosters gespeichert. Diese dienen der zweckgebundenen Verarbeitung im Mitgliederregister, der Chip-Datenbank der teilnehmenden Hunde, oder der Veranstaltungsverwaltung zum Zwecke der Verrechnung, Information, Aufkl\u00e4rung, dem Tierschutz, und allen vereinsrelevanten Verarbeitungen wie Mitgliederverwaltung und auch der Teilnehmerverwaltung f\u00fcr einen Event. Die personenbezogenen Daten stehen im unbedingten Interesse der Verbandsabwicklung, und werden au\u00dfer den f\u00fcr die jeweiligen Personen zust\u00e4ndigen angeschlossenen Vereinen, niemandem sonst zug\u00e4nglich gemacht. Eine elektronische Speicherung der \u00fcbermittelten Daten in speziellen Datenbanken erfolgt nicht. Ein Zugriff von Dritten via Internet oder elektronischen Mitteln ist nicht m\u00f6glich.<\/p>\n<p>Bei einem Austritt aus dem Verband (Verein oder Einzelmitglieder) werden s\u00e4mtliche personenbezogene Daten nach Einhaltung einer 8-Wochenfrist (aufgrund m\u00f6glicher Revidierung, R\u00fccktritt vom Austritt, oder \u00e4hnliches) vollst\u00e4ndig vernichtet.<\/p>\n<p>Dieser Blog dient generell nur der Unterhaltung und Information. Wir verwenden keine Cookies, keine Tracker, und haben auch Google-Analytics nicht installiert. Dieser Blog speichert IP-Adressen im Zuge von Beitragskommentaren, die jedoch automatisch nach 60 Tagen gel\u00f6scht werden. Dies ist ein unbedingtes Interesse von uns, um bei etwaigen illegalen oder nicht gesetzeskonformen Kommentaren, den Urheber belangen zu k\u00f6nnen (Beweislastf\u00fchrung) und\/oder den Beh\u00f6rden zu melden.<\/p>\n<p>Mitgliederforum &#8222;On trapper&#8217;s marks&#8220;: Unser Mitgliederforum wird nur den Mitgliedern unserer Vereine zur Verf\u00fcgung gestellt und ist nicht \u00f6ffentlich. Eine Selbstregistrierung ist nicht m\u00f6glich. Jeder Account wird manuell mit den Daten erstellt, deren Verarbeitung beim Beitritt in den Verband oder einen der Vereine zugestimmt wurde. Im Forum selbst werden keine weiteren Daten erhoben oder verarbeitet. Bei einem Austritt wird der Zugang sofort gesperrt und die f\u00fcr den jeweiligen Account gespeicherten personenbezogenen Daten gel\u00f6scht und anonymisiert.<\/p>\n<p>&nbsp;<\/p>\n<p><strong>Widerspruch &#8211; Werbe-Emails:<\/strong><\/p>\n<p>Der Nutzung von im Rahmen der Impressumspflicht ver\u00f6ffentlichten Kontaktdaten zur \u00dcbersendung von nicht ausdr\u00fccklich angeforderter Werbung und Informationsmaterialien wird hiermit widersprochen. Die Betreiber der Seiten behalten sich ausdr\u00fccklich rechtliche Schritte im Falle der unverlangten Zusendung von Werbeinformationen, etwa durch Spam-E-Mails, vor.<\/p>\n<p>&nbsp;<\/p>\n<p style=\"text-align: justify;\"><strong>Foto- und Grafikquellen:<\/strong><\/p>\n<p style=\"text-align: justify;\">Generell: VRS\u00d6, NSSV, LTH-A und AMCSF\u00d6, au\u00dfer:<\/p>\n<p>Firmenlogos und Firmengrafiken: Die jeweiligen Firmen mit Erlaubnis zur Verwendung.<br \/>\nTitelfotos &#8222;Schlittenhundesport&#8220;: Kurt Gruber, Erich Camastral, Gemini KI<br \/>\nTitelfotos &#8222;Unser Verband&#8220;: Christian Veigl<br \/>\nTitelfotos &#8222;News&#8220;, &#8222;Links&#8220;: Erich &amp; Susanna Camastral, Christian Veigl<br \/>\nTitelfoto &#8222;Termine&#8220;: Andreas Zebtak<br \/>\nTitelfoto &#8222;Gesetze &amp; Regeln&#8220;: Hans-J\u00fcrgen Sui Kings<br \/>\nFotos &amp; Grafiken in Gastartikeln: Der jeweilige angegebene Beitragsinhaber<\/p>\n<p>&nbsp;<\/p>\n<p><strong>Social medias:<\/strong><\/p>\n<p>Wir sind absichtlich nicht in den &#8222;Social medias&#8220; vertreten, da die darin herumschleichende Klientel nicht in unsere Gemeinschaft passt. Der VRS\u00d6 und seine angeschlossenen Mitgliedsvereine sind nicht gewillt der Bespassung von Freizeitjunkies zu dienen, die ohnehin nur an allem was auszusetzen haben, und nach erlangen der f\u00fcr sie als notwendig erachteten Infos zu Vereinsnomaden werden. Tretet also nur dann mit uns in Kontakt, wenn Ihr mit unseren Ehrenkodex einverstanden seid, und diesen auch einhalten wollt.<\/p>\n","protected":false},"excerpt":{"rendered":"<p>Betreiber des Blogs: VRS\u00d6 &#8211; Verband f\u00fcr reinrassigen Schlittenhundesport und Nachwuchsausbildung in \u00d6sterreich 2201 Gerasdorf, Feldgasse 93. ZVR: 202718840. Ausk\u00fcnfte und Anfragen werden ausschlie\u00dflich schriftlich entgegen genommen und bearbeitet! E-Mail: of&#102;&#105;&#x63;&#x65;&#x40;&#x6e;ss&#118;&#46;&#x61;&#x74; Achtung! Wir beantworten KEINE Anfragen bez\u00fcglich Hunde- oder Welpenvermittlung sowie Schlittenfahrten! &nbsp; Der aktuelle Vorstand setzt sich zusammen aus: Pr\u00e4sident &amp; Finanzreferent: Veigl Christian [&hellip;]<\/p>\n","protected":false},"author":1,"featured_media":0,"parent":0,"menu_order":0,"comment_status":"closed","ping_status":"closed","template":"","meta":{"_bbp_topic_count":0,"_bbp_reply_count":0,"_bbp_total_topic_count":0,"_bbp_total_reply_count":0,"_bbp_voice_count":0,"_bbp_anonymous_reply_count":0,"_bbp_topic_count_hidden":0,"_bbp_reply_count_hidden":0,"_bbp_forum_subforum_count":0,"ngg_post_thumbnail":0,"footnotes":""},"class_list":["post-2","page","type-page","status-publish","hentry"],"amp_enabled":true,"_links":{"self":[{"href":"https:\/\/www.nssv.at\/vrsoe\/wp-json\/wp\/v2\/pages\/2","targetHints":{"allow":["GET"]}}],"collection":[{"href":"https:\/\/www.nssv.at\/vrsoe\/wp-json\/wp\/v2\/pages"}],"about":[{"href":"https:\/\/www.nssv.at\/vrsoe\/wp-json\/wp\/v2\/types\/page"}],"author":[{"embeddable":true,"href":"https:\/\/www.nssv.at\/vrsoe\/wp-json\/wp\/v2\/users\/1"}],"replies":[{"embeddable":true,"href":"https:\/\/www.nssv.at\/vrsoe\/wp-json\/wp\/v2\/comments?post=2"}],"version-history":[{"count":11,"href":"https:\/\/www.nssv.at\/vrsoe\/wp-json\/wp\/v2\/pages\/2\/revisions"}],"predecessor-version":[{"id":11179,"href":"https:\/\/www.nssv.at\/vrsoe\/wp-json\/wp\/v2\/pages\/2\/revisions\/11179"}],"wp:attachment":[{"href":"https:\/\/www.nssv.at\/vrsoe\/wp-json\/wp\/v2\/media?parent=2"}],"curies":[{"name":"wp","href":"https:\/\/api.w.org\/{rel}","templated":true}]}}